 = -4*z - 2*o. What is the tens digit of z?
1
Suppose -3*t + 13 = -95. Let l be (-3 + (-30)/(-9))*t. Let b(m) = m**2 - 9*m - 5. What is the units digit of b(l)?
1
Suppose -1177 = -4*m + 11. What is the hundreds digit of m?
2
Let u(a) be the third derivative of -a**7/5040 + 11*a**6/720 + a**5/12 - 3*a**2. Let p(z) be the third derivative of u(z). What is the units digit of p(0)?
1
Let w be 2/2 + (5 - 4). Let n(l) = 2*l**2 + l + 1. Let r be n(w). Suppose -21 = -4*t + r. What is the units digit of t?
8
Let x = -45 + 47. Suppose 10*q - 1648 = x*q. What is the units digit of q?
6
Let x(u) = u**3 - 11*u**2 + u + 14. Let w be x(11). Suppose 0 = p - 6*p + w. What is the units digit of p?
5
Let c(a) = -a**3 + 5*a**2 - 3*a + 9. Let y be c(5). Let o = -1 - 14. What is the units digit of -3 - (-2)/(y/o)?
2
Let d(u) = u**3 + 11*u**2 - 19*u + 19. What is the hundreds digit of d(-11)?
2
Let y(a) = a**3 - 4*a**2 + 2*a + 6. Let t be y(3). Suppose -h + 225 = -2*g, t*g + 0 = -12. What is the tens digit of h?
1
Let n(r) be the first derivative of -r**4/2 - 7*r**3/3 - 3*r**2/2 + 4*r - 14. Let y be n(-5). Suppose 26 = 2*i - y. What is the tens digit of i?
6
Let c be 390 - 0/(-3 - -8). Suppose -6*z = -0*z - c. Suppose 7*m - 12*m = -z. What is the units digit of m?
3
Let n(p) = 405*p - 7. What is the tens digit of n(2)?
0
Let i be 14/14 - (827 - 0). What is the hundreds digit of (i/(-21) - -4)/((-2)/(-6))?
1
Let d be (2/(-3))/((-8)/12). Suppose -27 + 9 = 3*r. What is the tens digit of (-33)/d*4/r?
2
Let x(l) be the second derivative of -l**6/90 - l**5/12 + 2*l**4/3 - 6*l. Let v(i) be the third derivative of x(i). What is the units digit of v(-8)?
4
Let d = -5531 - -10348. What is the tens digit of d?
1
Let w(t) = 6*t - 7. Let r(x) = 6*x - 6. Let g(p) = -12*p + 12. Let o(s) = 4*g(s) + 9*r(s). Let d(m) = 6*o(m) - 5*w(m). What is the units digit of d(7)?
1
Suppose 2*x + 10 = -0*x. What is the tens digit of 1 + (x - -557)/4?
3
Let d = 206 + 160. What is the tens digit of d?
6
Suppose -4*m + 2 = 2*h, -13 = 6*m - 2*m + 5*h. Suppose m*w - 120 = 7*w. Let r = -22 - w. What is the units digit of r?
8
Suppose -3*w = 3*n - 2157, -5*n + 3*w = 2*w - 3583. What is the tens digit of n?
1
Suppose -31*f = -28*f + 12. What is the units digit of 11 + (-16)/(0 - f)?
7
Suppose -t - c + 10 - 2 = 0, 0 = -2*t + 4*c - 2. Suppose t*y = -3*s - 15, y + 26 = -5*s + 1. Let a(i) = i**2 + 34. What is the tens digit of a(y)?
3
Suppose -4*y + 9*y - 8945 = 0. What is the tens digit of y?
8
Let w(a) = 23*a + 30. Let l be w(4). Suppose -t = -n - l, 4*t - 7*t = -2*n - 366. What is the tens digit of t?
2
Let w(b) = 4*b**2 + 2*b + 3. Let g be w(-1). Suppose -g*a + 460 = -595. What is the hundreds digit of a?
2
Suppose 5*s - 2*o - 445 = -3*o, -3*s = -5*o - 239. Let z = s + -15. What is the tens digit of z?
7
Let v be -1 + -3 - (-4 + 1). What is the units digit of (-1)/((-5)/(-14)*v/5)?
4
Let c(t) = -t**3 - 6*t**2 + 2*t - 10. Let j(m) = m**3 - 10*m**2 + 10*m - 13. Let b be j(9). Let p be b/(-14) + (-204)/28. What is the units digit of c(p)?
5
Suppose y - 900 = -v, -20*v - 1816 = -2*y - 18*v. What is the tens digit of y?
0
Suppose 4*g = -11*k + 14*k - 3875, -2565 = -2*k - g. What is the thousands digit of k?
1
Let v(j) = -2*j - 4. Let d be v(4). Let b be (-1 - d)/(7/210). Suppose 3*z + 2*z = b. What is the tens digit of z?
6
Suppose -6*l - 10183 + 38335 = 0. What is the units digit of l?
2
Let v = -23 - -19. Let g be v/14 + 32/14. Let n = g - -29. What is the tens digit of n?
3
Let k(p) = -4*p - 30. Let d be k(-9). What is the units digit of (-2)/d - 588/(-9)?
5
Let v = -9 + 8. What is the tens digit of (-416)/(-13) - (-1 - 0 - v)?
3
What is the thousands digit of -2 - (-9 + 1) - 37290/(-22)?
1
Let u(g) = g**3 - 10*g**2 - 5*g - 35. What is the thousands digit of u(15)?
1
Let b(v) = v**2 + 11*v + 19. Let r be 3/3*(1 + -2) - 8. What is the units digit of b(r)?
1
Suppose 3*h - 48 = -0*h. Let m be (-1)/(-4) + (-47)/(-4). Let q = m + h. What is the units digit of q?
8
Let o = 433 - -26. What is the tens digit of o?
5
Let w(u) = u**3 + 6*u**2 + 1. Let t be w(-6). Let g be (12/(-15) + t)*415. Suppose -d + g = 3. What is the tens digit of d?
8
Let p be 1 + (-448)/4 + 4. Let l = p + 202. What is the tens digit of l?
9
Let z(y) = 20*y**2 - 19*y + 368. What is the hundreds digit of z(11)?
5
Let v(c) = 62 - 3*c**2 - 2*c**2 + 3*c**2 + 3*c**2. What is the tens digit of v(0)?
6
Let f(i) = i**2 - 2*i - 4. Let v be f(4). Let k = 564 + -564. Suppose k = -4*d - v*t + 40, 0*t + 42 = 5*d + t. What is the units digit of d?
8
Suppose 8*p - 16389 = -3925. What is the tens digit of p?
5
Let n = 331 + -115. What is the hundreds digit of n?
2
Let n(b) = 24*b + 1. Suppose -5 = d - 0*d. Let p(o) = -o - 4. Let l be p(d). What is the tens digit of n(l)?
2
Let z be 6 + -5 + 23 + 0. Suppose 12 = 2*r - z. What is the units digit of 67/2*36/r?
7
Let j(w) = w**3 - 32*w**2 - 22*w - 107. What is the hundreds digit of j(33)?
2
Let z(u) = 40*u**3 + 3*u - 2. Let c be z(2). Suppose 2*k = -2*k + c. Suppose -4*r + k = -r. What is the tens digit of r?
2
Let z be 1*20/(-4) - -12. Suppose -2*q - 1245 = -z*q. What is the tens digit of q?
4
What is the units digit of 5 + 3 + 3739 + -10?
7
Suppose -7*a + 2987 = -170. What is the units digit of a?
1
Let m = -46 - -752. What is the hundreds digit of m?
7
Suppose 2*i + 2*i - 6*i = 0. Suppose i = h - 64 + 28. What is the units digit of h?
6
Suppose -7*d - 12939 = -15403. What is the units digit of d?
2
What is the thousands digit of 3288/(0 + (25/(-10) - -4))?
2
Let o = -456 + 872. What is the tens digit of o?
1
Let c = 181 - -115. What is the hundreds digit of c?
2
Let z(o) = -o**3 - 6*o**2 - 12*o - 1. Let t be z(-8). Suppose 0 = -3*r + t + 257. What is the tens digit of r?
6
Let r be (-2)/12 - (-2)/12. Suppose r = -0*l + 4*l. Suppose 0 = 4*i - l*i - 12, 0 = w + 2*i - 24. What is the tens digit of w?
1
Let n(p) = -p - 8. Let m be n(-15). Suppose -8 = -2*t + 3*t + 2*c, t - m = 3*c. Let f(v) = -18*v. What is the units digit of f(t)?
6
Let f(z) = z**2 + 4*z + 1. Let q be ((-2)/(-4))/(6/84). What is the tens digit of f(q)?
7
Let o = -544 - -1552. What is the tens digit of o?
0
Suppose 2*y + 1788 = 4*k, -4*k + y + 2068 - 284 = 0. What is the tens digit of k?
4
Suppose 26*b - 21808 - 2736 = 0. What is the tens digit of b?
4
Suppose 8*k - 3*k = 5*u - 20, 3*k - 2*u = -14. Let j(i) be the first derivative of i**4/4 + 2*i**3 + i**2/2 + 8*i - 6. What is the units digit of j(k)?
2
Suppose 4 = -2*s - 18. What is the tens digit of 165/s*8/(-3)?
4
Let d = 7 - 0. Let y(z) = -168 - z**3 + 0*z - 7*z + 168 + 9*z**2. What is the units digit of y(d)?
9
What is the hundreds digit of 25890/21 - (-48)/42?
2
Let m be (-3)/15 - 1/((-5)/21). Suppose 4*l = -2*h + 454, m*h = 2*l - 39 - 213. What is the tens digit of l?
1
Let z = 49 - -2346. What is the thousands digit of z?
2
Let k(w) = w**3 + 9*w**2 + 5*w + 1. Let c(x) = -19*x - 11 - 37*x**2 - x**3 + 7 - 3*x**3. Let b(l) = -2*c(l) - 9*k(l). What is the tens digit of b(-7)?
4
Let m(r) = -2*r - 16. Let w be m(-10). Suppose -w*z = -3*p + 989 - 281, -2*p + z = -477. What is the units digit of p?
0
Let d be -18 + 16/(-3 + 7). What is the tens digit of ((-568)/28 - 4/d)/(-1)?
2
Let q = 25 - -2. Suppose -r + 0*h + 5*h + 9 = 0, -3*r + 4*h = -q. Suppose r + 51 = 5*n. What is the units digit of n?
2
Suppose -5*d - 38 = -13. What is the hundreds digit of d/(-2) + 1845/10?
1
Let b(h) = -18*h - 51. Let v be b(14). Let k = -126 - v. What is the units digit of k?
7
Let b(w) = 2*w**3 - 4*w**2 + 5*w + 4. Let v be b(4). Let f(u) = -u**2 - 3*u + 2. Let p be f(-3). Suppose -p*k - v = -6*k. What is the tens digit of k?
2
Let k(d) = 5*d**2 - 3*d + 2. Let n(l) = 10*l**2 - 7*l + 4. Let s(w) = 13*k(w) - 6*n(w). Let z be s(-1). What is the units digit of (94 + -2)/z - 1?
2
Suppose 70*d - 73*d + 5*j + 2466 = 0, -2*d - 5*j = -1644. What is the hundreds digit of d?
8
Let s(d) = 2*d**2 - 4*d + 4. Let q be s(7). Let a = 237 - q. What is the tens digit of a?
6
Let w(g) = g**2 - 6*g + 1. Let m be w(4). Let p = -21 - m. Let n = p - -15. What is the units digit of n?
1
Suppose 97 = -5*k + 2*s - 296, 2*k - 3*s + 166 = 0. Let z = k - -100. What is the tens digit of z?
2
Let o(x) = 7*x**2 + x + 64. What is the units digit